Let n(h) = -2*h**3 + 94*h**2 - 94*h + 93. Calculate n(46).
1
Let i(l) = -64*l + 2414. Calculate i(37).
46
Let i(p) = -2*p**2 + 29*p + 142. Give i(-5).
-53
Let k(y) = y**2 - 54*y + 659. Calculate k(19).
-6
Let q(s) = -1043*s - 26049. Give q(-25).
26
Let f(h) = 7*h**3 + 17*h**2 + 18*h + 82. What is f(-4)?
-166
Let f(s) = -s**2 + 3571*s + 144440. Calculate f(-40).
0
Let r(c) = -83*c - 19. What is r(1)?
-102
Let f(z) = -z**2 - 68*z - 46. Calculate f(0).
-46
Let i(d) = 5*d**2 + 1446*d + 11517. Determine i(-281).
-4
Let x(w) = 132*w + 1990. Determine x(-15).
10
Let b(y) = 267*y + 8548. Determine b(-32).
4
Let q(c) = 19*c - 332. Give q(18).
10
Let k(h) = -2691*h + 16144. Determine k(6).
-2
Let g(h) = h**2 + 306*h - 2815. What is g(9)?
20
Let n(q) = -85*q**2 + q - 238. What is n(0)?
-238
Let m(n) = 2*n**3 + 106*n**2 - 16*n - 891. Calculate m(-53).
-43
Let r(j) = -1198*j - 2395. Give r(-2).
1
Let i(y) = -23*y + 40. Calculate i(7).
-121
Let p(l) = -l**3 + 4*l**2 - l + 9. What is p(3)?
15
Let g(b) = 39*b**2 + 11*b + 5. Give g(-2).
139
Let a(i) = -2*i**3 - 14*i**2 + i - 3. Determine a(-7).
-10
Let w(m) = -24*m + 21. Give w(0).
21
Let x(h) = -h**3 + 26*h**2 - 6*h + 136. What is x(26)?
-20
Let n(u) = u**3 - 20*u**2 - 133*u - 65. What is n(25)?
-265
Let u(b) = b**2 - 711*b + 2827. Determine u(4).
-1
Let b(q) = -40*q**2 - 5*q - 15. Give b(-2).
-165
Let b(l) = 7*l**2 - 380*l + 126. Give b(54).
18
Let t(y) = y**2 + 1015*y - 11291. Give t(11).
-5
Let b(n) = 1636*n + 27826. Give b(-17).
14
Let h(n) = -n**2 + 138*n - 927. Calculate h(7).
-10
Let h(m) = -m**3 + 41*m**2 - 46. Determine h(41).
-46
Let o(m) = 8*m**2 - 105*m - 105. Calculate o(-1).
8
Let i(o) = -o**2 + 21*o + 2. Determine i(20).
22
Let r(t) = t**3 + 63*t**2 + 78*t + 973. Determine r(-62).
-19
Let b(j) = 35*j - 2704. Give b(77).
-9
Let m(s) = 185*s - 31806. Determine m(172).
14
Let x(u) = -u**2 - 10*u + 14. Determine x(-13).
-25
Let h(k) = 2*k**2 + 100*k + 1039. What is h(-33)?
-83
Let t(w) = w**3 + 42*w**2 + 4*w + 32. Calculate t(-42).
-136
Let d(w) = -6*w**2 - 32*w + 51. Determine d(2).
-37
Let s(z) = 398*z - 407. Determine s(1).
-9
Let g(n) = -16*n**2 + 260*n - 91. Give g(16).
-27
Let j(x) = -4*x**3 + 7*x**2 - 22*x + 4. Calculate j(4).
-228
Let t(a) = -4*a**2 + 104*a + 342. Determine t(-3).
-6
Let v(g) = -9*g**2 + 10*g + 13. Determine v(-1).
-6
Let f(n) = -n**3 - 83*n**2 - 734*n + 157. What is f(-73)?
449
Let w(b) = -2*b**3 + 53*b**2 + 207*b + 97. Give w(30).
7
Let a(w) = w**3 - 22*w**2 + 120*w - 29. Calculate a(13).
10
Let v(g) = -g**3 - 26*g**2 + 52*g - 47. Determine v(-28).
65
Let q(o) = -o**3 + 2*o**2 + o + 30. Give q(5).
-40
Let t(r) = -770*r - 8471. Determine t(-11).
-1
Let d(z) = 3*z**3 - 140*z**2 + 90*z + 101. Give d(46).
9
Let f(t) = 2*t**3 - 77*t**2 + 180*t - 17. Calculate f(36).
-17
Let j(t) = -3*t**3 + 135*t**2 - 14*t + 629. Calculate j(45).
-1
Let t(n) = -215*n**3 + 7*n**2 - 3*n - 5. What is t(-1)?
220
Let i(z) = -2*z**3 - 8*z**2 - 16*z - 39. Calculate i(-4).
25
Let d(i) = -3431*i + 20552. Give d(6).
-34
Let n(g) = -g**3 + 4*g**2 + 5*g - 11. Calculate n(5).
-11
Let a(p) = -3*p**2 + 7*p + 9. Give a(-1).
-1
Let n(x) = -3*x**2 - 38*x - 15. What is n(-11)?
40
Let t(v) = 5*v**2 - 21*v + 12. What is t(3)?
-6
Let y(d) = -d**3 + 9*d**2 + 51*d + 30. Give y(13).
17
Let k(q) = q**3 + 54*q**2 + 505*q + 15. Calculate k(-12).
3
Let s(z) = 2*z**2 - 928*z + 3675. Calculate s(4).
-5
Let d(h) = -h**2 + 79*h - 73. Give d(75).
227
Let g(z) = -z**3 + 41*z**2 - 82*z - 50. What is g(39)?
-206
Let u(c) = c**3 + 2*c**2 - 40. Give u(5).
135
Let b(g) = 2*g**2 - 145*g - 1534. Give b(82).
24
Let o(y) = 2*y**2 - 467*y + 20115. Determine o(57).
-6
Let g(q) = 2*q**2 - 297*q - 4028. Calculate g(161).
-3
Let k(w) = 3*w**3 - 190*w**2 - 127*w - 52. Give k(64).
12
Let k(z) = 3*z**2 + 21*z + 124. Calculate k(-11).
256
Let t(u) = -604*u + 1206. What is t(2)?
-2
Let o(z) = -z**2 + 85*z + 33. Give o(91).
-513
Let s(k) = 2*k**2 + 80*k - 28. Give s(-23).
-810
Let f(q) = -41*q**3 - 5*q + 4. Calculate f(1).
-42
Let i(k) = -2*k**3 - 22*k**2 - 12*k - 1. Give i(-10).
-81
Let t(r) = -r**2 + 89*r + 522. Calculate t(95).
-48
Let d(h) = -h**3 - 52*h**2 - 576*h + 19. Determine d(-36).
19
Let c(b) = 23*b - 163. Calculate c(8).
21
Let q(d) = d**3 + 16*d**2 + 50*d - 30. Determine q(-5).
-5
Let h(j) = j**3 + 34*j**2 + 35*j + 31. Give h(-33).
-35
Let h(w) = -w**3 + 8*w**2 - 17*w + 22. Calculate h(6).
-8
Let n(m) = 39*m**2 + 203*m - 205. What is n(1)?
37
Let o(i) = -7*i**3 - 286*i**2 + 41*i - 11. What is o(-41)?
-11
Let r(c) = -c**2 + 155*c - 3545. Calculate r(28).
11
Let i(l) = 2302*l - 13815. Calculate i(6).
-3
Let h(y) = -43*y - 233. Determine h(-5).
-18
Let q(t) = 3*t**2 + 211*t + 272. Calculate q(-69).
-4
Let j(l) = -243*l - 1462. What is j(-6)?
-4
Let k(t) = 90*t + 8088. Determine k(-90).
-12
Let f(z) = 61*z - 13310. Determine f(218).
-12
Let j(l) = -24*l - 912. Calculate j(-37).
-24
Let z(a) = -123*a - 7874. Determine z(-64).
-2
Let n(g) = -g**3 - 9*g**2 + 15*g + 73. Determine n(-9).
-62
Let i(j) = -j**3 - 8*j**2 - 20*j + 34. Calculate i(-7).
125
Let q(y) = 3*y**2 + 16*y + 57. What is q(-5)?
52
Let u(o) = 4*o**3 - 27*o**2 - 10*o - 5. Give u(7).
-26
Let s(m) = 29056*m + 261501. What is s(-9)?
-3
Let u(z) = 25*z**2 + 129*z - 6. Give u(-6).
120
Let z(p) = 353*p - 1780. What is z(5)?
-15
Let h(p) = -142*p + 1462. Give h(12).
-242
Let n(r) = -r**2 + 598*r - 4723. What is n(8)?
-3
Let f(c) = -55*c**2 + 8*c - 10. Determine f(2).
-214
Let p(d) = -64*d + 1484. What is p(23)?
12
Let b(p) = -229*p + 4385. Give b(19).
34
Let t(l) = -2*l**3 + 4*l**2 - 20*l + 127. Calculate t(5).
-123
Let a(y) = y**3 - 4*y**2 + 25*y - 236. Give a(6).
-14
Let k(f) = f**2 + 106*f - 6. What is k(-106)?
-6
Let h(o) = 109*o**3 + 3*o**2 - 11*o + 6. Give h(1).
107
Let z(k) = 80*k + 599. Give z(-3).
359
Let c(i) = 15*i - 466. Determine c(27).
-61
Let t(n) = -2*n**3 + 2*n**2 - 2*n + 7. Give t(-2).
35
Let v(z) = 5*z**2 - 103*z - 546. What is v(25)?
4
Let b(d) = 2*d**3 + 7*d**2 + 20*d - 64. What is b(3)?
113
Let c(p) = -44*p + 1130. What is c(28)?
-102
Let w(t) = 4*t - 571. What is w(-9)?
-607
Let j(b) = -3*b**2 - 67*b + 6312. Calculate j(36).
12
Let p(c) = -c**2 - 427*c + 3041. Give p(7).
3
Let n(w) = -1489*w - 7. Calculate n(0).
-7
Let q(k) = k**2 - 26*k + 335. Give q(25).
310
Let i(z) = 92*z - 5710. Give i(62).
-6
Let q(s) = -5692*s + 34148. Determine q(6).
-4
Let m(z) = -z**3 + 39*z**2 + 88*z + 25. What is m(41)?
271
Let m(b) = 21*b - 14. Calculate m(8).
154
Let a(n) = -2*n**2 - 248*n - 3624. What is a(-17)?
14
Let a(l) = -l**2 + 4230*l + 25417. Calculate a(-6).
1
Let z(w) = w**3 + w**2 - 7. What is z(4)?
73
Let a(s) = -s**3 + 14*s**2 - 42*s - 30. Determine a(9).
-3
Let g(d) = -d**3 - 10*d**2 - 11*d + 32. Calculate g(-8).
-8
Let t(q) = -1036*q - 27985. Calculate t(-27).
-13
Let l(n) = -4*n**3 - 327*n**2 - 248*n - 415. Determine l(-81).
-10
Let r(o) = 158*o**2 + 13*o - 10. Give r(1).
161
Let z(k) = -49*k - 4282. Calculate z(-94).
324
Let b(w) = -w**3 + 10*w**2 - 35*w + 56. Give b(5).
6
Let w(l) = -121*l**2 - 6*l - 9. Calculate w(-1).
-124
Let u(t) = 8*t**3 - 3*t**2 - 6*t - 7. Determine u(-3).
-232
Let b(s) = -3*s**2 + 472*s + 1424. Calculate b(-3).
-19
Let a(x) = 270*x - 8321. What is a(31)?
49
Let y(a) = -21*a**2 - 228*a - 330. Calculate y(-9).
21
Let k(w) = 2*w - 22. Calculate k(-8).
-38
Let d(p) = -11*p**2 - 176*p - 6. Calculate d(-16).
-6
Let v(k) = -k**2 - 179*k + 14948. Determine v(-241).
6
Let z(v) = 15*v + 200. Calculate z(-14).
-10
Let r(q) = -7*q**2 + 2095*q + 1520. Give r(300).
20
Let r(a) = a**3 - 53*a**2 - 50*a - 218. Determine r(54).
-2
Let m(u) = -u**3 + 41*u**2 + 93*u + 14. Give m(-2).
0
Let c(a) = -10*a**2 - 12*a + 14. Determine c(1).
-8
Let f(x) = -3*x**2 - 51*x + 22. Give f(-17).
22
Let r(t) = t**2 - 478*t - 5886. Calculate r(-12).
-6
Let t(m) = m**3 + 11*m**2 + 65*m - 56. Calculate t(-8).
-384
Let t(y) = -3*y**3 + y**2 + 19*y - 36. What is t(2)?
-18
Let l(s) = s**3 - 16*s**2 - 57*s - 10. Calculate l(19).
-10
Let r(o) = o**3 - 29*o**2 - 65*o + 16. Determine r(31).
-77
Let g(m) = -m**2 + 755*m + 7646. Determine g(-10).
-4
Let w(r) = -r**2 - 41*r - 47. Give w(-40).
-7
Let f(s) = -13*s**3 + 12*s**2 + 6*s + 16. Give f(-2).
156
Let a(y) = 302*y + 4228. Give 